actors of 10324425.
3, 5, 137659
List the prime factors of 15843867.
3, 13, 406253
List the prime factors of 295610.
2, 5, 7, 41, 103
What are the prime factors of 1433665?
5, 286733
List the prime factors of 88838.
2, 43, 1033
List the prime factors of 6251714.
2, 7, 63793
What are the prime factors of 31215543?
3, 31, 59, 5689
What are the prime factors of 231062?
2, 13, 8887
What are the prime factors of 264454?
2, 23, 5749
What are the prime factors of 1042943?
11, 59, 1607
List the prime factors of 322738.
2, 13, 12413
What are the prime factors of 2479846?
2, 1239923
What are the prime factors of 387318?
2, 3, 64553
List the prime factors of 482652.
2, 3, 41, 109
List the prime factors of 9869533.
113, 167, 523
What are the prime factors of 30854437?
3929, 7853
What are the prime factors of 11830161?
3, 7, 73, 7717
List the prime factors of 1371011.
431, 3181
What are the prime factors of 270280?
2, 5, 29, 233
List the prime factors of 9455098.
2, 43, 109943
List the prime factors of 72686.
2, 36343
List the prime factors of 8116291.
137, 59243
List the prime factors of 38342683.
38342683
What are the prime factors of 4195884?
2, 3, 7, 11, 19, 239
List the prime factors of 4707634.
2, 2353817
List the prime factors of 25258.
2, 73, 173
What are the prime factors of 1422993?
3, 11, 13, 31, 107
List the prime factors of 15999815.
5, 13, 246151
List the prime factors of 34207702.
2, 61, 199, 1409
What are the prime factors of 143256?
2, 3, 47, 127
What are the prime factors of 2597652?
2, 3, 59, 1223
List the prime factors of 3304185.
3, 5, 220279
List the prime factors of 779750.
2, 5, 3119
What are the prime factors of 3511662?
2, 3, 7, 11, 691
What are the prime factors of 900017?
73, 12329
What are the prime factors of 317127?
3, 37, 2857
List the prime factors of 20192350.
2, 5, 431, 937
List the prime factors of 27051625.
5, 37, 5849
What are the prime factors of 202979?
7, 107, 271
What are the prime factors of 7713427?
17, 37, 12263
List the prime factors of 1202173.
7, 263, 653
What are the prime factors of 26116677?
3, 2901853
What are the prime factors of 12582843?
3, 7, 13, 46091
List the prime factors of 25169691.
3, 8389897
What are the prime factors of 214624?
2, 19, 353
List the prime factors of 11535372.
2, 3, 35603
List the prime factors of 414612.
2, 3, 11, 349
What are the prime factors of 1997127?
3, 11, 20173
What are the prime factors of 3935507?
23, 139, 1231
List the prime factors of 1721796.
2, 3, 143483
List the prime factors of 396430.
2, 5, 29, 1367
What are the prime factors of 163668?
2, 3, 23, 593
What are the prime factors of 228159?
3, 101, 251
List the prime factors of 17564.
2, 4391
List the prime factors of 8628.
2, 3, 719
What are the prime factors of 2368290?
2, 3, 5, 89, 887
What are the prime factors of 9853460?
2, 5, 492673
List the prime factors of 702819.
3, 13, 6007
What are the prime factors of 109301?
29, 3769
List the prime factors of 6146556.
2, 3, 13, 31, 41
What are the prime factors of 2925525?
3, 5, 19, 2053
What are the prime factors of 15706?
2, 7853
What are the prime factors of 9296912?
2, 157, 3701
List the prime factors of 709108.
2, 29, 6113
What are the prime factors of 9875722?
2, 181, 27281
List the prime factors of 12204995.
5, 11, 221909
List the prime factors of 830808.
2, 3, 11, 1049
What are the prime factors of 958372?
2, 263, 911
What are the prime factors of 407226?
2, 3, 67, 1013
List the prime factors of 15702399.
3, 23, 31, 2447
List the prime factors of 1394880.
2, 3, 5, 1453
What are the prime factors of 2146837?
7, 11, 569
List the prime factors of 18459211.
53, 348287
What are the prime factors of 20195878?
2, 10097939
List the prime factors of 1708081.
19, 89899
What are the prime factors of 12326742?
2, 3, 76091
What are the prime factors of 2086332?
2, 3, 173861
What are the prime factors of 5415199?
29, 47, 137
What are the prime factors of 115993?
193, 601
What are the prime factors of 29473902?
2, 3, 19, 23, 1249
What are the prime factors of 8809160?
2, 5, 19, 67, 173
What are the prime factors of 1467020?
2, 5, 73351
List the prime factors of 5880256.
2, 139, 661
What are the prime factors of 2654240?
2, 5, 53, 313
List the prime factors of 99250.
2, 5, 397
What are the prime factors of 4908237?
3, 1636079
List the prime factors of 23353894.
2, 131, 89137
List the prime factors of 3998946.
2, 3, 7, 95213
List the prime factors of 8351924.
2, 7, 298283
What are the prime factors of 900011?
7, 19, 67, 101
What are the prime factors of 2216396?
2, 7, 13, 6089
What are the prime factors of 2036787?
3, 17, 39937
List the prime factors of 146797.
7, 67, 313
List the prime factors of 945533.
457, 2069
What are the prime factors of 13584611?
761, 17851
What are the prime factors of 208568?
2, 29, 31
What are the prime factors of 1306267?
1306267
What are the prime factors of 4224834?
2, 3, 234713
List the prime factors of 12948375.
3, 5, 11, 43, 73
What are the prime factors of 495782?
2, 7, 5059
What are the prime factors of 98606?
2, 47, 1049
What are the prime factors of 201246?
2, 3, 17, 1973
List the prime factors of 602403.
3, 113, 1777
What are the prime factors of 1066837?
53, 20129
List the prime factors of 1296793.
29, 97, 461
What are the prime factors of 397180?
2, 5, 7, 2837
What are the prime factors of 41703?
3, 13901
What are the prime factors of 11193882?
2, 3, 7, 266521
List the prime factors of 202707.
3, 101, 223
What are the prime factors of 93122?
2, 101, 461
What are the prime factors of 1371424?
2, 17, 2521
List the prime factors of 1566346.
2, 17, 23, 2003
List the prime factors of 20954491.
2767, 7573
What are the prime factors of 1229779?
113, 10883
What are the prime factors of 22607617?
29, 779573
What are the prime factors of 430122?
2, 3, 7, 11, 19
What are the prime factors of 572235?
3, 5, 38149
What are the prime factors of 136317?
3, 45439
List the prime factors of 108656.
2, 6791
List the prime factors of 11672421.
3, 17, 13463
List the prime factors of 157379.
337, 467
List the prime factors of 5202513.
3, 29, 31, 643
What are the prime factors of 492647?
492647
List the prime factors of 130448.
2, 31, 263
List the prime factors of 15610226.
2, 37, 193, 1093
What are the prime factors of 30021?
3, 10007
What are the prime factors of 281613?
3, 93871
What are the prime factors of 904532?
2, 226133
What are the prime factors of 11142039?
3, 3714013
What are the prime factors of 25630485?
3, 5, 59, 28961
List the prime factors of 463111.
11, 42101
What are the prime factors of 253693?
11, 23063
List the prime factors of 9457590.
2, 3, 5, 367, 859
List the prime factors of 1924302.
2, 3, 137, 2341
What are the prime factors of 288282?
2, 3, 23, 2089
List the prime factors of 27384123.
3, 13, 797, 881
What are the prime factors of 11409806?
2, 61, 93523
List the prime factors of 9892514.
2, 4946257
List the prime factors of 234970.
2, 5, 23497
List the prime factors of 1937221.
11, 13, 19, 23, 31
What are the prime factors of 309758?
2, 61, 2539
List the prime factors of 1026716.
2, 29, 53, 167
List the prime factors of 2441267.
2441267
What are the prime factors of 335365?
5, 67073
What are the prime factors of 5986183?
7, 122167
List the prime factors of 4943846.
2, 59, 41897
What are the prime factors of 11775227?
11775227
What are the prime factors of 1104839?
101, 10939
List the prime factors of 556100.
2, 5, 67, 83
What are the prime factors of 3834971?
7, 547853
List the prime factors of 134334.
2, 3, 17, 439
What are the prime factors of 179366?
2, 11, 31, 263
What are the prime factors of 87100?
2, 5, 13, 67
List the prime factors of 1863338.
2, 59, 15791
List the prime factors of 9435705.
3, 5, 43, 14629
List the prime factors of 594419.
7, 1733
List the prime factors of 7209767.
43, 107, 1567
List the prime factors of 1148843.
17, 67579
List the prime factors of 333993.
3, 11, 29, 349
List the prime factors of 1253463.
3, 417821
List the prime factors of 312701.
312701
What are the prime factors of 451879?
451879
List the prime factors of 25014.
2, 3, 11, 379
List the prime factors of 4462258.
2, 2231129
List the prime factors of 11177853.
3, 3725951
What are the prime factors of 494542?
2, 37, 41, 163
List the prime